{"id":79,"date":"2024-03-24T19:11:51","date_gmt":"2024-03-24T19:11:51","guid":{"rendered":"https:\/\/lottfischer.ch\/?page_id=79"},"modified":"2024-04-23T20:35:18","modified_gmt":"2024-04-23T20:35:18","slug":"sur-moi","status":"publish","type":"page","link":"https:\/\/lottfischer.ch\/?page_id=79","title":{"rendered":"Portrait"},"content":{"rendered":"\n<h2 class=\"wp-block-heading\">Pr\u00e9sidente du Conseil g\u00e9n\u00e9ral 2023-2024<\/h2>\n\n\n\n<h2 class=\"wp-block-heading\">Cheffe de groupe VPS (Vert-e-s &#8211; POP &#8211; Solidarit\u00e9S) au Conseil g\u00e9n\u00e9ral 2021-2023<\/h2>\n\n\n\n<h2 class=\"wp-block-heading\">Conseill\u00e8re g\u00e9n\u00e9rale Ville de Neuch\u00e2tel depuis 2017<\/h2>\n\n\n\n<h2 class=\"wp-block-heading\">D\u00e9put\u00e9e au Grand Conseil 2016-2022<\/h2>\n\n\n\n<h2 class=\"wp-block-heading\">Membre de la direction Solar 2000 S\u00e0rl &#8211; Neuch\u00e2tel<\/h2>\n\n\n\n<h2 class=\"wp-block-heading\">Proche aidante<\/h2>\n\n\n\n<h2 class=\"wp-block-heading\">Dr \u00e8s sciences Universit\u00e9 de Neuch\u00e2tel<\/h2>\n\n\n\n<h2 class=\"wp-block-heading\"><\/h2>\n\n\n\n<h2 class=\"wp-block-heading\">Ing\u00e9nieur agro-alimentaire EPF Z\u00fcrich<\/h2>\n\n\n\n<figure class=\"wp-block-image size-large\"><img loading=\"lazy\" decoding=\"async\" width=\"1024\" height=\"578\" src=\"https:\/\/lottfischer.ch\/wp-content\/uploads\/2024\/03\/IMG20240320163717-scaled-e1713904485124-1024x578.jpg\" alt=\"\" class=\"wp-image-130\" srcset=\"https:\/\/lottfischer.ch\/wp-content\/uploads\/2024\/03\/IMG20240320163717-scaled-e1713904485124-1024x578.jpg 1024w, https:\/\/lottfischer.ch\/wp-content\/uploads\/2024\/03\/IMG20240320163717-scaled-e1713904485124-300x169.jpg 300w, https:\/\/lottfischer.ch\/wp-content\/uploads\/2024\/03\/IMG20240320163717-scaled-e1713904485124-768x433.jpg 768w, https:\/\/lottfischer.ch\/wp-content\/uploads\/2024\/03\/IMG20240320163717-scaled-e1713904485124-1536x866.jpg 1536w, https:\/\/lottfischer.ch\/wp-content\/uploads\/2024\/03\/IMG20240320163717-scaled-e1713904485124-2048x1155.jpg 2048w, https:\/\/lottfischer.ch\/wp-content\/uploads\/2024\/03\/IMG20240320163717-scaled-e1713904485124-1000x564.jpg 1000w, https:\/\/lottfischer.ch\/wp-content\/uploads\/2024\/03\/IMG20240320163717-scaled-e1713904485124-230x130.jpg 230w, https:\/\/lottfischer.ch\/wp-content\/uploads\/2024\/03\/IMG20240320163717-scaled-e1713904485124-350x197.jpg 350w, https:\/\/lottfischer.ch\/wp-content\/uploads\/2024\/03\/IMG20240320163717-scaled-e1713904485124-480x271.jpg 480w\" sizes=\"auto, (max-width: 1024px) 100vw, 1024px\" \/><\/figure>\n","protected":false},"excerpt":{"rendered":"<p>Pr\u00e9sidente du Conseil g\u00e9n\u00e9ral 2023-2024 Cheffe de groupe VPS (Vert-e-s &#8211; POP &#8211; Solidarit\u00e9S) au Conseil g\u00e9n\u00e9ral 2021-2023 Conseill\u00e8re g\u00e9n\u00e9rale Ville de [&hellip;]<\/p>\n","protected":false},"author":1,"featured_media":0,"parent":0,"menu_order":0,"comment_status":"closed","ping_status":"closed","template":"","meta":{"footnotes":""},"class_list":["post-79","page","type-page","status-publish","hentry"],"_links":{"self":[{"href":"https:\/\/lottfischer.ch\/index.php?rest_route=\/wp\/v2\/pages\/79","targetHints":{"allow":["GET"]}}],"collection":[{"href":"https:\/\/lottfischer.ch\/index.php?rest_route=\/wp\/v2\/pages"}],"about":[{"href":"https:\/\/lottfischer.ch\/index.php?rest_route=\/wp\/v2\/types\/page"}],"author":[{"embeddable":true,"href":"https:\/\/lottfischer.ch\/index.php?rest_route=\/wp\/v2\/users\/1"}],"replies":[{"embeddable":true,"href":"https:\/\/lottfischer.ch\/index.php?rest_route=%2Fwp%2Fv2%2Fcomments&post=79"}],"version-history":[{"count":8,"href":"https:\/\/lottfischer.ch\/index.php?rest_route=\/wp\/v2\/pages\/79\/revisions"}],"predecessor-version":[{"id":182,"href":"https:\/\/lottfischer.ch\/index.php?rest_route=\/wp\/v2\/pages\/79\/revisions\/182"}],"wp:attachment":[{"href":"https:\/\/lottfischer.ch\/index.php?rest_route=%2Fwp%2Fv2%2Fmedia&parent=79"}],"curies":[{"name":"wp","href":"https:\/\/api.w.org\/{rel}","templated":true}]}}

<h2 class="wp-block-heading">Présidente du Conseil général 2023-2024</h2>



<h2 class="wp-block-heading">Cheffe de groupe VPS (Vert-e-s &#8211; POP &#8211; SolidaritéS) au Conseil général 2021-2023</h2>



<h2 class="wp-block-heading">Conseillère générale Ville de Neuchâtel depuis 2017</h2>



<h2 class="wp-block-heading">Députée au Grand Conseil 2016-2022</h2>



<h2 class="wp-block-heading">Membre de la direction Solar 2000 Sàrl &#8211; Neuchâtel</h2>



<h2 class="wp-block-heading">Proche aidante</h2>



<h2 class="wp-block-heading">Dr ès sciences Université de Neuchâtel</h2>



<h2 class="wp-block-heading"></h2>



<h2 class="wp-block-heading">Ingénieur agro-alimentaire EPF Zürich</h2>



<figure class="wp-block-image size-large"><img loading="lazy" decoding="async" width="1024" height="578" src="https://lottfischer.ch/wp-content/uploads/2024/03/IMG20240320163717-scaled-e1713904485124-1024x578.jpg" alt="" class="wp-image-130" srcset="https://lottfischer.ch/wp-content/uploads/2024/03/IMG20240320163717-scaled-e1713904485124-1024x578.jpg 1024w, https://lottfischer.ch/wp-content/uploads/2024/03/IMG20240320163717-scaled-e1713904485124-300x169.jpg 300w, https://lottfischer.ch/wp-content/uploads/2024/03/IMG20240320163717-scaled-e1713904485124-768x433.jpg 768w, https://lottfischer.ch/wp-content/uploads/2024/03/IMG20240320163717-scaled-e1713904485124-1536x866.jpg 1536w, https://lottfischer.ch/wp-content/uploads/2024/03/IMG20240320163717-scaled-e1713904485124-2048x1155.jpg 2048w, https://lottfischer.ch/wp-content/uploads/2024/03/IMG20240320163717-scaled-e1713904485124-1000x564.jpg 1000w, https://lottfischer.ch/wp-content/uploads/2024/03/IMG20240320163717-scaled-e1713904485124-230x130.jpg 230w, https://lottfischer.ch/wp-content/uploads/2024/03/IMG20240320163717-scaled-e1713904485124-350x197.jpg 350w, https://lottfischer.ch/wp-content/uploads/2024/03/IMG20240320163717-scaled-e1713904485124-480x271.jpg 480w" sizes="auto, (max-width: 1024px) 100vw, 1024px" /></figure>

<p>Présidente du Conseil général 2023-2024 Cheffe de groupe VPS (Vert-e-s &#8211; POP &#8211; SolidaritéS) au Conseil général 2021-2023 Conseillère générale Ville de [&hellip;]</p>
